 o**4/6 + o**3/3 + 2*o**2. Suppose 0 = -2*j - j. Suppose j*s + 10 = 2*s. Give z(s).
-3
Let v(m) = -2 - m**2 - 2 - m + 1. Let g = 5 + 10. Let z = g - 18. Give v(z).
-9
Let f = -2 + 4. Let m(r) = 4*r**f + r + r**2 - 4*r**2 - 4*r. Determine m(3).
0
Let w(v) be the third derivative of -3*v**2 + 0 + 1/6*v**3 + 1/24*v**4 + 0*v - 1/20*v**5. What is w(-1)?
-3
Let s(t) = t - 2. Let y be 6*2/(-4) + 10. Determine s(y).
5
Let q(m) = -m + 1. Suppose -3*n + 20 = 2. Suppose -2*l + s - n*s + 23 = 0, -l - 5*s = -24. Give q(l).
2
Let i(m) be the second derivative of m**4/12 + m**3/2 + 2*m**2 - 2*m. Suppose 3 = -3*v - 27. Let z = v - -6. Give i(z).
8
Suppose 264 = 4*f + 5*l + 60, 0 = f - 5*l - 51. Let m(r) = 2 + 26*r - 3 + 24*r - f*r. Let d = -11 + 8. Give m(d).
2
Let s be 0/4 + 7 + -1. Let h(d) = -d**2 - 2 + 3 + s - d**3. Give h(0).
7
Suppose 4*c - 20 = -4*k, -2*k + 14 = 6*c - 2*c. Let i(p) = p - 5. Determine i(k).
-2
Suppose -3*x + 11 = 2. Let i(b) = b**3 - 2*b**2 - 3*b + 1. What is i(x)?
1
Let p(y) = -y - 3. Let z be p(-9). Let k(q) = -q**2 + 10*q - 9. Calculate k(z).
15
Let j(o) = -o**3 + o**2 + o + 11. Let q(f) = f**3 - f**2 - 2*f - 11. Let u(d) = 3*j(d) + 2*q(d). Calculate u(0).
11
Let u(g) be the third derivative of -g**4/12 - g**3/6 + g**2. Let t(x) = 2*x + 21. Let p be t(-10). Calculate u(p).
-3
Let u(t) = 8*t - 1. Let m = -83 + 84. What is u(m)?
7
Let o(i) = -42 + i + 23 + 20 + 0*i. Let c = 26 - 15. Let u = 16 - c. Give o(u).
6
Let n(r) = 2*r + r**2 + 4*r - 6*r - 2*r + 3. Suppose -2*z = -0*z + 22. Let c = -8 - z. What is n(c)?
6
Suppose -5*d + 10*d = 5*z - 40, 5*z = -d + 28. Let y(c) = -3*c**2 + 2 + 6*c**2 - 4*c**2 + 2*c**2 - 6*c. Give y(z).
2
Let s(u) be the third derivative of u**6/120 - u**5/10 + 5*u**4/24 - u**3 - 18*u**2. Calculate s(5).
-6
Let k(n) = 6*n + 0*n - 10 - 4*n. Give k(9).
8
Let r be 0 + 0 + 2 + 0. Suppose 4*n - r*n = -2. Let s(m) = 2*m + 1. What is s(n)?
-1
Let z = 19 - 22. Let g be z/(-8) - 540/160. Let r(d) = -2*d**2 - 3*d - 1. Give r(g).
-10
Let a(q) = 6*q**3 - 15*q**2 + q + 11. Let o(v) = v**3 - 3*v**2 + 2. Let h(r) = -2*a(r) + 11*o(r). Let p be 10/(-4) + (-2)/4. Give h(p).
6
Suppose -3 - 2 = -5*t. Let m(k) = -3*k**3 - k**2 + 1. What is m(t)?
-3
Let y = -2 + 7. Let t(a) = a - 7. Let v be t(y). Let m(q) = -2*q**2 + 5*q**2 + 5*q - 2*q. Calculate m(v).
6
Let j(z) = -6*z - 2. Let u(t) = t**3 - 6*t**2 + 5*t - 2. Let w be (-2 - (-1 + -1)) + 5. Let y be u(w). Calculate j(y).
10
Let i(d) be the first derivative of d**3/3 + 2*d**2 - 7*d + 1. Let o be 2 + (-9)/(63/49). Give i(o).
-2
Let q(f) = f**2 + 3*f + 6. Suppose 13*a = -26 - 39. Give q(a).
16
Let w(m) = 4*m**2 - 1 - 2 - 2*m**2 - 5*m - 3*m**2. Give w(-3).
3
Let m(t) = -t**2 + 6*t + 1. Suppose -4*f + 16 = w, 5*f + 4 - 9 = -5*w. What is m(f)?
6
Let l(q) = q**2 + 4*q + 3. Let o be l(-4). Let p be -4 - (-1 + -2) - (0 - 3). Let z = p - o. Let v(c) = -5*c - 1. Determine v(z).
4
Let a(p) = 3*p**3 + p**2 - 8*p - 1. Let k(m) = -m**3 + m**2 + m - 1. Let i(o) = a(o) + 2*k(o). Suppose 15 = -5*b - 5. Give i(b).
5
Let z(b) = -2*b**2 + 2*b + 1. Let m(k) = -k. Let f be m(5). Let c = 7 + f. Let q = c - 0. Determine z(q).
-3
Let i(l) = -4 + l + 6 - 4. Suppose 3*w - 3 = -0*w. What is i(w)?
-1
Let k(n) = -11*n**2 - n + 1. Suppose 3*a + 9 = -4*q + 24, 2*a - 11 = -3*q. Give k(a).
-11
Suppose 0*u - 4 = -u. Suppose 4 = -5*b - 6, 5*h = u*b + 28. Let n(f) = -f + 3*f - h + 11. Determine n(-5).
-3
Let z(k) = 2*k. Let x(m) = m + 11. Let b = -11 - -2. Let s be x(b). What is z(s)?
4
Suppose 14 = t + 4. Let g(a) = a**2 - 11*a + 5. What is g(t)?
-5
Let j(v) = -2*v**3 - 2*v**2 - 2. Let i(l) = 3*l**3 + l**2 + l + 1. Let z be i(-1). Determine j(z).
6
Let y(c) be the second derivative of c**3/6 - 3*c**2/2 - c. Let l be (-8)/36 - (-2)/27*-51. Calculate y(l).
-7
Suppose 0 = -0*r - r. Suppose y + 3*h - 9 = r, -2*y + y = -h + 3. Let p(c) = -c**3 + c**2 - c - 6. Give p(y).
-6
Let v = 8 - 5. Suppose 12 = -3*c + v*t, -4*c + 3*t = -2*t + 21. Let z(k) be the first derivative of -4*k**2 + 7. Give z(c).
-8
Let a(m) be the third derivative of m**4/24 + m**3/6 - 41*m**2 + m. Let u(i) = i**3 + 3*i**2 - 1. Let o be u(-3). Give a(o).
0
Let s(g) = g. Let u be s(6). Let v be (-9 - u/(-2))/2. Let z(t) = 4*t + 2. Calculate z(v).
-10
Suppose -2*t - 16 = 5*z, -z + 24 = -3*t - 3*z. Let h(a) = -a**2 - 7*a - 2. Determine h(t).
-10
Let i be 2 + 2 + 1 + -1. Let w = 5 - i. Let n(c) = -9*c**3 + 2*c**2 - 1. Determine n(w).
-8
Let s(p) = 3*p**2 - 4*p + 3. Let x be (-1)/(-5) + (-42)/(-15). Let t be 12/(-8)*(-4)/x. Give s(t).
7
Let x = 1 - -1. Let k be (0/x - -1)*3. Let f(d) = -d**2 - 2*d - 3*d + 5 + 4*d - d**k - 4*d**2. Determine f(-4).
-7
Suppose -r + 44 = -5*t, 2*r - 11 + 3 = 0. Let o be (t/6)/(1/(-6)). Suppose 5*b - 2*q = -o, 4 = 3*b + q - 0*q. Let y(n) = n**3 + n**2 - n + 5. Calculate y(b).
5
Suppose 0 = -4*v + 18 + 26. Suppose 2 + 0 = l. Suppose 4*p = -3*r + l*r - v, -p + 13 = -5*r. Let g(f) = f**3 + 5*f**2 + 2*f - 4. Determine g(r).
8
Let o(i) = i**3 - 5*i**2. Let v = 56 - 53. What is o(v)?
-18
Let f(d) = 7*d**3 + 11*d**2 + 19*d - 8. Let n(g) = -9*g + 4 - 1 - 6*g**2 + 12*g**3 + 1 - 15*g**3. Let x(h) = 2*f(h) + 5*n(h). Determine x(-7).
4
Let s be (-1)/(2/(-3))*-2. Let a(p) be the first derivative of 2*p**2 + 4*p - 2. Calculate a(s).
-8
Suppose 3*o + 5*l = 35, 0 = -5*o + 2*l + 2*l + 9. Let a(f) = -3*f + 6. What is a(o)?
-9
Suppose -12 = -2*d - 2, 22 = 3*k + 2*d. Let u(n) be the first derivative of n**2/2 - n + 1. Determine u(k).
3
Let q(r) = -2*r + 2. Suppose o = -2*y + 1 + 7, 0 = 3*y - 15. What is q(o)?
6
Let b(g) = -g**3 + 3*g**2 + 2*g - 1. Let q be b(3). Suppose s - q = -0*s. Let u(c) be the third derivative of c**4/12 - 5*c**3/6 - c**2. Give u(s).
5
Let v(p) = -p**2 + 3*p + 7. Let h be (7/35)/(1/25). What is v(h)?
-3
Let t(p) be the third derivative of 5*p**4/24 - p**3/6 + p**2. Let b(m) = 6*m - 1. Let v(s) = -4*b(s) + 5*t(s). Suppose f = -3*f + 16. What is v(f)?
3
Suppose 4*c + 2 = 3*t + 4, 0 = 2*c - 2*t. Suppose -6 = 4*k - 5*k. Suppose c*j - 5*m - 17 = 0, -2*m - k = -4*j + 4. Let v(w) = 7*w**2 - 1. Determine v(j).
6
Let h(x) = -7*x**3 + 5*x**2 + 21*x + 6. Let j(i) = 3*i**3 - 3*i**2 - 10*i - 3. Let y(g) = -4*h(g) - 9*j(g). What is y(-6)?
3
Let s(y) = -y**3 - 3*y**2 + 3*y - 4. Suppose 2*f + 5*i - 12 = 0, 0*f + 4*i = f + 20. What is s(f)?
0
Suppose 4*k + x - 6*x = -17, 21 = -2*k + 5*x. Let t(o) be the first derivative of -2/3*o**3 - o + 3 + 1/2*o**4 + o**k. Calculate t(1).
1
Let p(x) = -x + 7. Suppose 0 = -3*c, 2*b + 3 = -5*c + 17. Calculate p(b).
0
Let l be 0/2 + (-1 - -4). Let s be l/((-9)/12*-2). Let b(w) = -4*w + 1 - 2*w + 2. What is b(s)?
-9
Let w(r) = -2*r - 53*r**2 + 1 + r**3 + 53*r**2. Determine w(2).
5
Let h(r) = 15*r - 5 + 2 + 7 - 14*r. What is h(-7)?
-3
Suppose -2 = 2*d - l, d - 2*l = -l - 2. Suppose -b = 4*b - 3*k - 21, 4*k = 5*b - 18. Let s(q) = -1 + 0 + d - q**3 - b*q**2. Calculate s(-6).
-1
Suppose 2*c - 6 = 4*f, -f + 0 = 2*c - 11. Let z(j) = -2*j + c*j - j - 1. What is z(2)?
3
Suppose 0 = d - 4*i - 22, 0 = d - 3*i + 2*i - 7. Let u(h) = 7*h. Give u(d).
14
Let i(f) = 4*f - 12. Let t be i(3). Let g(r) be the third derivative of 1/12*r**4 + t - 3*r**2 + 2/3*r**3 + 0*r. What is g(-4)?
-4
Let p be 3/7 - 5/(-14)*10. Let t(v) be the first derivative of 5/3*v**3 - 1/4*v**p - 1 + 2*v + 5/2*v**2. Give t(6).
-4
Let t(n) = -10*n**2 + 1. Let s be -2*(1/2 - 1). Calculate t(s).
-9
Let j(l) = 0*l**2 + 6*l**2 - 7*l**2 + 7*l - 4*l. What is j(3)?
0
Let r(j) = -6*j + 3*j - j**3 + 8*j + 2*j**3 - 7*j**2. Let t be (1*-12 - 0)/(-2). What is r(t)?
-6
Let r(u) be the first derivative of u**4/4 - u**3 + 3*u**2/2 + 2*u + 2. Give r(3).
11
Let c(y) be the second derivative of y**4/6 - y**3 - 2*y. Suppose 3*k + 3 - 30 = 0. Let z = -5 + k. Calculate c(z).
8
Let m(g) = -g**2 + 2*g + 2. Let z(f) = 2*f**2 - 5*f - 3. Let w(p) = -7*m(p) - 3*z(p). Let c(t) = -t - 2. Let v be c(-2). Determine w(v).
-5
Let p(m) = 5*m**2 - 6*m**2 + 5*m + 4 - 7. Give p(2).
3
Let l(t) = -59*t**2 + 3 - 2*t - t + 60*t**2. Determine l(4).
7
Let f(u) = -23*u - 3 + 0 + 27*u - 12*u - u**2. Calculate f(-8).
-3
Let g(f) = -1 + f**3 + f + 3*f**2 - 3*f**2 - 2*f**2 - 4*f**2. Let z be g(6). Let j(d) = 4*d**2 + 5 + 2 - 4 - d**3 + 4*d. What is j(z)?
-2
Let n = 14 - 13. Suppose -12 = -2*x - 2*l, 2*x + 